divided by 1589?
5
What is the remainder when 467 is divided by 18?
17
What is the remainder when 951 is divided by 460?
31
What is the remainder when 202 is divided by 41?
38
Calculate the remainder when 3781 is divided by 13.
11
What is the remainder when 2333 is divided by 30?
23
Calculate the remainder when 950 is divided by 17.
15
Calculate the remainder when 1187 is divided by 98.
11
What is the remainder when 5330 is divided by 21?
17
Calculate the remainder when 59 is divided by 32.
27
What is the remainder when 15021 is divided by 7?
6
What is the remainder when 42 is divided by 22?
20
Calculate the remainder when 1754 is divided by 27.
26
What is the remainder when 528 is divided by 256?
16
What is the remainder when 86 is divided by 27?
5
Calculate the remainder when 2483 is divided by 138.
137
Calculate the remainder when 585 is divided by 42.
39
What is the remainder when 242 is divided by 26?
8
Calculate the remainder when 799 is divided by 32.
31
Calculate the remainder when 59 is divided by 38.
21
What is the remainder when 2059 is divided by 228?
7
Calculate the remainder when 2940 is divided by 184.
180
Calculate the remainder when 3291 is divided by 31.
5
Calculate the remainder when 29 is divided by 8.
5
What is the remainder when 111 is divided by 8?
7
What is the remainder when 155 is divided by 11?
1
What is the remainder when 92 is divided by 14?
8
Calculate the remainder when 353 is divided by 91.
80
Calculate the remainder when 1369 is divided by 7.
4
What is the remainder when 2247 is divided by 94?
85
Calculate the remainder when 118 is divided by 107.
11
What is the remainder when 205 is divided by 10?
5
What is the remainder when 785 is divided by 14?
1
What is the remainder when 1528 is divided by 509?
1
What is the remainder when 7013 is divided by 167?
166
Calculate the remainder when 1116 is divided by 8.
4
Calculate the remainder when 251 is divided by 23.
21
What is the remainder when 5889 is divided by 310?
309
What is the remainder when 649 is divided by 2?
1
What is the remainder when 239 is divided by 74?
17
What is the remainder when 260 is divided by 28?
8
Calculate the remainder when 491 is divided by 105.
71
Calculate the remainder when 366 is divided by 97.
75
Calculate the remainder when 7191 is divided by 2397.
0
Calculate the remainder when 498 is divided by 44.
14
What is the remainder when 292 is divided by 156?
136
What is the remainder when 2030 is divided by 16?
14
Calculate the remainder when 6696 is divided by 231.
228
What is the remainder when 49 is divided by 5?
4
What is the remainder when 183 is divided by 21?
15
What is the remainder when 403 is divided by 122?
37
What is the remainder when 178 is divided by 41?
14
What is the remainder when 49 is divided by 21?
7
Calculate the remainder when 361 is divided by 41.
33
Calculate the remainder when 103 is divided by 63.
40
Calculate the remainder when 1313 is divided by 9.
8
Calculate the remainder when 183 is divided by 56.
15
What is the remainder when 220 is divided by 104?
12
Calculate the remainder when 934 is divided by 26.
24
What is the remainder when 285 is divided by 30?
15
What is the remainder when 121 is divided by 39?
4
Calculate the remainder when 238 is divided by 38.
10
Calculate the remainder when 198 is divided by 69.
60
What is the remainder when 150 is divided by 80?
70
What is the remainder when 812 is divided by 176?
108
What is the remainder when 217 is divided by 44?
41
Calculate the remainder when 366 is divided by 43.
22
What is the remainder when 818 is divided by 407?
4
Calculate the remainder when 1485 is divided by 24.
21
What is the remainder when 175 is divided by 102?
73
What is the remainder when 97 is divided by 37?
23
Calculate the remainder when 11218 is divided by 184.
178
What is the remainder when 2821 is divided by 83?
82
Calculate the remainder when 1608 is divided by 177.
15
Calculate the remainder when 1050 is divided by 295.
165
What is the remainder when 76 is divided by 29?
18
What is the remainder when 2938 is divided by 140?
138
Calculate the remainder when 9340 is divided by 1866.
10
What is the remainder when 1791 is divided by 32?
31
What is the remainder when 232 is divided by 6?
4
Calculate the remainder when 158 is divided by 5.
3
Calculate the remainder when 195 is divided by 52.
39
What is the remainder when 1221 is divided by 593?
35
What is the remainder when 291 is divided by 14?
11
What is the remainder when 311 is divided by 112?
87
Calculate the remainder when 199 is divided by 67.
65
What is the remainder when 295 is divided by 50?
45
What is the remainder when 99 is divided by 46?
7
What is the remainder when 768 is divided by 184?
32
What is the remainder when 155 is divided by 10?
5
What is the remainder when 7097 is divided by 42?
41
What is the remainder when 1091 is divided by 7?
6
Calculate the remainder when 690 is divided by 245.
200
Calculate the remainder when 69 is divided by 6.
3
Calculate the remainder when 503 is divided by 113.
51
Calculate the remainder when 747 is divided by 373.
1
Calculate the remainder when 168 is divided by 54.
6
What is the remainder when 2542 is divided by 16?
14
What is the remainder when 72 is divided by 25?
22
Calculate the remainder when 387 is divided by 79.
71
What is the remainder when 59 is divided by 16?
11
Calculate the remainder when 75 is divided by 2.
1
What is the remainder when 433 is divided by 123?
64
What is the remainder when 959 is divided by 433?
93
What is the remainder when 64 is divided by 37?
27
What is the remainder when 323 is divided by 76?
19
Calculate the remainder when 97317 is divided by 8.
5
What is the remainder when 627 is divided by 37?
35
What is the remainder when 3159 is divided by 29?
27
What is the remainder when 840 is divided by 68?
24
Calculate the remainder when 309 is divided by 78.
75
What is the remainder when 614 is divided by 41?
40
Calculate the remainder when 1759 is divided by 287.
37
Calculate the remainder when 2233 is divided by 4.
1
Calculate the remainder when 36 is divided by 21.
15
What is the remainder when 2184 is divided by 6?
0
Calculate the remainder when 4260 is divided by 164.
160
What is the remainder when 163 is divided by 24?
19
What is the remainder when 22 is divided by 3?
1
What is the remainder when 158 is divided by 16?
14
Calculate the remainder when 613 is divided by 35.
18
Calculate the remainder when 759 is divided by 49.
24
Calculate the remainder when 848 is divided by 34.
32
Calculate the remainder when 138 is divided by 63.
12
What is the remainder when 882 is divided by 15?
12
What is the remainder when 159 is divided by 5?
4
What is the remainder when 689 is divided by 112?
17
What is the remainder when 982 is divided by 122?
6
What is the remainder when 1441 is divided by 474?
19
What is the remainder when 108 is divided by 54?
0
What is the remainder when 68 is divided by 51?
17
Calculate the remainder when 96 is divided by 21.
12
Calculate the remainder when 577 is divided by 549.
28
Calculate the remainder when 6860 is divided by 11.
7
Calculate the remainder when 455 is divided by 57.
56
What is the remainder when 879 is divided by 77?
32
What is the remainder when 199 is divided by 90?
19
Calculate the remainder when 2029 is divided by 136.
125
Calculate the remainder when 430 is divided by 120.
70
What is the remainder when 560 is divided by 2?
0
What is the remainder when 413 is divided by 52?
49
What is the remainder when 1761 is divided by 871?
19
Calculate the remainder when 4115 is divided by 411.
5
Calculate the remainder when 147 is divided by 141.
6
Calculate the remainder when 2325 is divided by 106.
99
What is the remainder when 322 is divided by 61?
17
What is the remainder when 3666 is divided by 108?
102
Calculate the remainder when 828 is divided by 104.
100
Calculate the remainder when 503 is divided by 98.
13
What is the remainder when 329 is divided by 126?
77
What is the remainder when 1512 is divided by 89?
88
Calculate the remainder when 635 is divided by 21.
5
What is the remainder when 240 is divided by 51?
36
What is the remainder when 225 is divided by 24?
9
What is the remainder when 406 is divided by 113?
67
Cal